-i. Let c(q) = q**3 - 4*q**2 + 8*q + 4. Let k be 1 + -3*(-2)/(-3). Let p(z) = k*c(z) - 5*o(z). Give p(3).
-4
Let w(s) = -3*s**3 - 3*s**2 + 6*s**2 + 4*s + 4*s**3 - 2*s - 2. Determine w(-2).
-2
Suppose 5*l - 6 = 2*v, 0*l + 3*v = 5*l - 9. Let a = 4 + -2. Let m(y) = 5 + 3*y**a - 2*y**2 - 2*y**2 + y - y**3. Determine m(l).
5
Let c(h) = 2*h**2. Let f be c(1). Let r(d) be the first derivative of d**2/2 - d + 7. Give r(f).
1
Let g = 1 - -2. Let t(a) = 3*a + 0*a**g - 5*a**2 - 5 + 3*a**3 - 2*a**3. Give t(4).
-9
Let m be (-6)/(-4) + 3/6. Let f(v) = -2*v**2 - v + v**2 - 4*v**2 + 4*v**m + 3. Suppose -7*a + 4*a - 9 = 0. What is f(a)?
-3
Let l(s) = -s**2 + 7*s + 6. Suppose -2*r + 5*r = 21. Determine l(r).
6
Let f(k) = 12*k + 7*k - 4 + k**3 - 4*k**2 - 16*k. What is f(3)?
-4
Suppose 3 + 2 = 5*x. Let i(a) = 12*a + 1. What is i(x)?
13
Let j(q) = -q**2 + q. Let p(l) = l**2 + 6*l - 23. Let x be p(-9). Give j(x).
-12
Let y(z) = -5*z - z**2 + 44 - 43 - 3*z. Determine y(-7).
8
Let z(c) = c**2 - c + 2. Suppose 8*h - 7*h + 3*h = 0. Determine z(h).
2
Let k(d) be the second derivative of d**5/20 - 3*d**4/4 - d**3/3 + 11*d**2/2 - 28*d. What is k(9)?
-7
Let t be -1*(0 + -5)*-1. Let r(d) be the first derivative of d**4/12 + 2*d**3/3 - 7*d**2/2 - 2*d + 3. Let j(l) be the first derivative of r(l). Give j(t).
-2
Let o(d) be the third derivative of 5*d**2 + 1/12*d**5 + 1/3*d**3 + 1/120*d**6 + 1/6*d**4 + 0 + 0*d. Determine o(-4).
2
Let a(v) be the first derivative of 2*v**2 - 5*v - 3 + 1/3*v**3. Determine a(-5).
0
Let l be (0 + -2 + 2)/(-1). Let k(r) be the first derivative of r**4/4 + r**3/3 - 3*r - 9. What is k(l)?
-3
Let i(p) be the second derivative of -p**8/6720 + p**7/840 + p**6/240 + p**5/30 + 5*p**4/12 + p. Let y(a) be the third derivative of i(a). Determine y(3).
13
Let w(g) = -g**2 - 14*g - 3. Suppose x + 42 = -2*x. Let j be w(x). Let r(o) = o**3 + 3*o**2 - 3*o - 3. What is r(j)?
6
Let m(i) = 3*i**2 + i. Let u(b) = b**2. Suppose -16 = a - 4*d + 10, 0 = -2*a + d - 17. Let w(z) = a*u(z) + m(z). Let k = 2 + -3. Give w(k).
-4
Let l be (-4)/((16/2)/(-2)). Let i(t) = -10*t**3 + 1 - t + t - t. Give i(l).
-10
Let i = -33 - -49. Suppose 0 = -0*j - 4*j + i. Let s(l) = l**2 - 6*l + 3. Give s(j).
-5
Let q(g) be the first derivative of -g**3/3 + g**2/2 - 2*g + 2. Calculate q(3).
-8
Let f(l) = 2*l - 1. Suppose -9*p + 11*p + 6 = 0. What is f(p)?
-7
Let d(v) be the second derivative of v**4/12 - 7*v**3/6 + 7*v**2/2 - 11*v. Determine d(7).
7
Let p(k) be the third derivative of k**6/120 + k**5/60 - k**4/24 - 8*k**2. What is p(2)?
10
Let v(y) = -y**3 + y**2 - y. Let d(j) = 12*j**3 - 6*j**2 + 14*j + 2. Let m(h) = -d(h) - 10*v(h). Let g(u) = -u - 15. Let b be g(-13). Calculate m(b).
6
Let w(p) be the third derivative of -p**6/120 - p**5/12 - p**3/6 - p**2 - 2*p. Determine w(-5).
-1
Suppose 0 = 2*l + 27 + 1. Let c be (-9)/(-2 - l/4). Let z(x) = -x**2 - 6*x - 6. Determine z(c).
-6
Let u(i) be the second derivative of -5*i**3/6 + i**2/2 - 2*i. Let g(v) = -v - 4. Let z be g(-5). Calculate u(z).
-4
Let h(t) = -3*t**2 + 34*t - 6. Let k(u) = -u**2 + 12*u - 2. Let m(c) = -4*h(c) + 11*k(c). What is m(6)?
14
Suppose -4*s - 2*j - 10 = 0, 4*s + j - 4 = 5*s. Let h(a) = -a**3 - 3*a**2 - a - 3. Determine h(s).
0
Let g(t) = -7*t**2 - 9*t + 17. Let a(m) = 3*m**2 + 5*m - 8. Let i(c) = 9*a(c) + 4*g(c). What is i(8)?
4
Let x(q) = 5*q - 1. Let y(k) = 11*k - 1. Let t be -3*1 - 4/1. Let r(n) = t*x(n) + 3*y(n). Calculate r(4).
-4
Let o(w) be the third derivative of 0 - 6*w**2 + 1/12*w**5 - 1/3*w**3 - 5/24*w**4 + 0*w + 1/120*w**6. Calculate o(-6).
-8
Let d(k) be the first derivative of -k**3/3 + k**2/2 - k + 1. Suppose -a + 3 = -1. Suppose -20 = 2*h - 5*n, -a*n + 18 - 2 = h. Determine d(h).
-1
Let b(a) be the first derivative of 3*a**2/2 - 4*a + 1. Suppose -4*i + 25 = -k, 3*i + 5 = 2*i - 2*k. What is b(i)?
11
Let v(x) = -5*x - 1. Let d = -127 + 126. Give v(d).
4
Let n be (-5 - -1)*(-1)/1. Suppose 6*a = 3*q + n*a - 28, 4*a = 2*q - 32. Let d = -5 + q. Let r(k) = 4*k. What is r(d)?
4
Let o(w) = -2*w - 3. Let b be (-1)/(-5) + 9/(-30)*14. What is o(b)?
5
Let u(a) be the second derivative of -a**5/10 + a**4/4 + a**3/2 + 2*a**2 - 4*a. What is u(3)?
-14
Let y(g) = -g**2 - 7*g + 5. Let t be y(-7). Let v(o) = -o**3 + 4*o**2 + 5*o - 3. Determine v(t).
-3
Let v(x) = 3*x - 7*x - 2 + 0*x + 6*x. Give v(5).
8
Suppose 2*o + 0*o + 10 = 2*d, -2*o - 6 = -d. Suppose 2*b - 8 + 0 = -y, 10 = y + 3*b. Let k = y + o. Let i(t) = -t**2 + t + 2. Calculate i(k).
-4
Suppose 0 = -10*c - 6 + 86. Let n(o) = -o**3 + 7*o**2 + 7*o + 4. Determine n(c).
-4
Let c(r) = -r**2 + 3*r + 2. Suppose -4*i + 9*i + p = 16, 4*i - 28 = 3*p. What is c(i)?
-2
Let s(x) be the second derivative of x**4/12 - x. Let m = -10 + 10. Let t = m - 2. What is s(t)?
4
Let o(w) = w**3 - 4*w**2 - 5*w. Let c be (1/3)/(4/24). Let k(v) = -v**c - 2*v + 2*v - 3 + 0 - 6*v. Let y be k(-4). Calculate o(y).
0
Let s(k) = k**3 - 7*k**2 - 7*k - 5. Let o be s(8). Suppose 2*z + 5*i - 23 = 0, -5*z - 10 = -4*i + o*i. Let l(r) = -11*r. Determine l(z).
11
Let k = -18 + 23. Suppose -2*h - 3 = -k. Let l(d) = 5*d**2. Determine l(h).
5
Let l(s) = 3*s**3 - 5*s**3 + s**3 - 2 + 10*s**2 - 5*s**2. Determine l(5).
-2
Let o(s) = -2*s - 2. Let b(l) = -4*l - 5. Let v(j) = 3*b(j) - 5*o(j). Determine v(6).
-17
Let t(v) = 10*v**3 - 2*v - 1. Let s be (-9)/6 + (-3)/(-6). What is t(s)?
-9
Let a(k) be the first derivative of k**6/360 - k**4/8 - k**3/3 + 5. Let z(q) be the third derivative of a(q). Calculate z(-3).
6
Let a(k) = k**3. Let y be 1*-2 + 6/2. What is a(y)?
1
Suppose 2 - 21 = -m + 3*x, 3*m - 3*x - 33 = 0. Let q = m + -5. Let f(n) = 3*n - 7. Let l(t) = 4*t - 10. Let y(p) = -7*f(p) + 5*l(p). What is y(q)?
-3
Let z(i) be the second derivative of i**5/20 - 2*i**4/3 + 5*i**3/6 + 5*i**2/2 + 7*i. Give z(7).
-9
Let y(t) be the first derivative of -t**2/2 - 2*t + 13. Calculate y(-7).
5
Let k(t) be the second derivative of -1/4*t**4 - 1/20*t**5 + t + 2/3*t**3 + t**2 + 0. Calculate k(-4).
2
Let g(r) be the third derivative of 0*r - 2*r**2 + 1/2*r**3 + 0 - 1/24*r**4. Suppose 0 = -2*z - 3*z, 0 = -4*l - 5*z. Determine g(l).
3
Let c(q) be the second derivative of -q**6/120 + q**5/12 + 5*q**4/24 + 4*q**3/3 - q**2/2 - q. Let i(m) be the first derivative of c(m). Calculate i(6).
2
Suppose 3*v = 4*p - 11, 0 = p + v - 0 - 1. Let w(y) = y + y + y**p - 7 - 2*y**2 + 3*y. Calculate w(5).
-7
Let b(u) be the second derivative of u**6/360 - u**4/12 - u**3/2 + 2*u. Let t(i) be the second derivative of b(i). Give t(-3).
7
Let x be (-21)/(-6) - (-4)/(-8). Let f(y) = 4*y**3 - 1 - 3*y**x - y**2 - y + 2 + 0*y**2. Calculate f(2).
3
Let t(f) = -30*f + 3. Let r(a) = 10*a - 1. Let c(l) = -11*r(l) - 4*t(l). What is c(-1)?
-11
Suppose -4*j = k + 21 - 4, -5*j - 40 = -5*k. Let d be (6/k + -2)*-1. Let p(g) = g**2 - g + 10. Determine p(d).
10
Let c(u) = u**2. Let d(q) = 5*q**2 - 3*q - 4. Let w = -6 + 7. Let g(z) = w*d(z) - 6*c(z). Calculate g(-3).
-4
Suppose 0 = 6*j - 2*j. Let d(v) = -2 - 8*v**2 - v**2 - 4 + 5. Let q(r) = -4*r**2. Let y(f) = -3*d(f) + 7*q(f). Determine y(j).
3
Let c = -58 - -56. Let h = -2 - -3. Let o(i) = i + h + i + i**2 + i. What is o(c)?
-1
Let j(q) = q**2 - 2*q + 1. Let n = -12 - -6. Let l be (n/(-4))/(12/32). What is j(l)?
9
Let l be (-3)/(1/(2 - 1)). Let y be -4*((-6)/(-4))/l. Suppose -3 = -a, -y*w + 7*w - 5*a + 15 = 0. Let b(m) = -m - 2. Calculate b(w).
-2
Let w(z) = 6*z**2 - 16*z - 10. Let b(y) = 2*y**2 - 5*y - 3. Let x(d) = -d - 9. Let r be x(-7). Let o(u) = r*w(u) + 7*b(u). Give o(-2).
13
Let w = -13 - -10. Let n be 0*((-8)/w - 3). Let c(p) = p**3 - p - 6. Give c(n).
-6
Let c(q) = q**3 + 6*q**2 - 6*q + 9. Let w be c(-7). Let j(z) = z - z**2 + w*z - 7 + 0*z + 2. Determine j(4).
-9
Let u = 57 + -54. Let q(s) be the second derivative of s**2 + 0 + 2*s - 1/6*s**u. Calculate q(3).
-1
Let a(n) = -n - 59 + 59. Give a(2).
-2
Let o(u) = 4 + 6*u - 3*u - u - 6*u**2. Let y(t) = -5*t**2 + 2*t + 4. Suppose -3*s - 22 = 4*a, -2*a - 5*s - 21 = -3. Let g(w) = a*y(w) + 3*o(w). Determine g(3).
8
Let o(u) = -u**2 + 7*u + 4. Let q = -4 - -11. Let i be o(q). Let n(b) = -b**3 + 5*b**2 - 4*b + 1. Give n(i).
1
Let f(z) = 1. Let r(p) = 5*p + 2. Let n(t) = -4*f(t) + r(t). Determine n(2).
8
Let c(t) = 3*t - 2. Let m = 12 + -4. Let k be (m/10)/(6/